be r(6). Suppose y - 2*x - 13 = 0, -c*x - 61 = y - 5*y. What is the units digit of y?
9
Let a(n) = -2*n**2 + n + 2. Let r be a(2). Let z(g) = g**2 + g - 3. Let q be z(r). What is the units digit of 2/(3/(q/2))?
3
Suppose -11*h + 21 = -34. What is the units digit of (0 - -5)*(h - 2)?
5
Let l(n) be the first derivative of 11*n**2/2 - n - 3. Let r be (-3)/((-3)/2*1). What is the tens digit of l(r)?
2
Let l(p) = -4*p**3 + 11*p**2 - 2*p - 2. Let j = -30 - -36. Let z(t) = -5*t**3 + 12*t**2 - 2*t - 2. Let a(o) = j*l(o) - 5*z(o). What is the units digit of a(-4)?
8
What is the tens digit of 71*2/(-4)*-2?
7
Let r be (108/81)/(8/30). Suppose -20 = -2*a + 6*a, -4*u - 5*a + 403 = 0. Suppose 3*d = 4*v - u, -3*v = r*d - 34 - 68. What is the units digit of v?
9
Let p(a) = a**2 - 10*a - 18. Let k(n) = -6*n - 1. Let o be k(-2). Let s(g) = g + 3. Let c be s(o). What is the units digit of p(c)?
8
Let h(u) = -3*u - 5. Let x be h(-4). Suppose x*k = 3*k + 312. What is the tens digit of k?
7
What is the units digit of 2 - (-9 - -8) - -564?
7
Let k(w) = -8*w**3 - 7*w**2 + 7*w + 46. What is the tens digit of k(-7)?
9
Suppose -215 = -4*y + 185. What is the hundreds digit of y?
1
Let a(s) = -s + 5. Let b(m) = -m + 5. Let w(x) = -6*a(x) + 5*b(x). Let c be w(-3). Let t = c + 10. What is the units digit of t?
2
Suppose 5*b + 4*o = -0*o - 76, 0 = -b + 3*o. Let l = 15 + b. What is the units digit of 67/l + 5/(-15)?
2
Suppose -k = 5*p - 11, -p + 2*k = p - 14. Suppose 0 = 4*b - 2*j + 96, 0 = -2*b + p*b + j + 21. Let g = -8 - b. What is the tens digit of g?
1
What is the hundreds digit of 4/2 + -8 + 355?
3
What is the units digit of -1 + (-1 - -2)*620?
9
Let b = 7 + -5. Let o(t) = -t - 8 + 17 + b*t**2 - 8. What is the units digit of o(-2)?
1
Suppose -w = -5*y - 357, -522 = -2*w - 2*y + 252. What is the units digit of w?
2
Let p = -123 - -126. What is the units digit of (1324/p)/4 - (-18)/27?
1
Suppose 0 = -9*t - 5*t + 2226. Suppose 3*i = -i + 12. Suppose t = 5*q + 5*r - i*r, 5*q + 3*r - 161 = 0. What is the units digit of q?
1
What is the units digit of (1 - -3)*(8 - (-1209)/26)?
8
Let k = 495 + -460. What is the units digit of k?
5
Let k = -39 - -41. Suppose -2*j = -h + 4, -h + 0 + 3 = -j. Suppose -k*n + 5*d + 46 = 0, 5*n = 3*d + h*d + 115. What is the tens digit of n?
2
Let m(r) = 1. Let c(a) be the second derivative of -2*a**3/3 + 6*a**2 + 3*a. Let b(l) = -c(l) + 3*m(l). What is the units digit of b(4)?
7
Suppose 4*s + 3*f - 16 = 8, -3*f = -5*s + 3. Let u be (-3 + 2)*3 + s. Suppose m = 3*b - 105, u = 4*b + 3*m - 188 + 48. What is the units digit of b?
5
Let l(z) = -z**3 - 5*z**2 + 5*z - 2. Let i be l(-6). Let r be i/(12/9) + 1. What is the units digit of (-6)/(-4) - (-102)/r?
7
What is the units digit of ((-18792)/84)/(12/(-56))?
4
Let i = 2 - -3. Suppose -2*p + 7*p = s + 514, p - i*s - 98 = 0. What is the units digit of p?
3
Let i = 45 + -45. Suppose i*c + 5*b + 23 = -c, 0 = c - 4*b - 22. What is the units digit of c?
2
Let r(j) be the first derivative of 5*j**3/3 - 7*j**2/2 + 4*j - 13. What is the units digit of r(3)?
8
Suppose -5*d + 3*d = -442. Let f = -56 + d. What is the units digit of f?
5
Suppose 2 = 2*a - 4, -2*z + 3*a = -165. Suppose 5*g + z = -48. What is the units digit of ((-1)/(-3))/((-1)/g)?
9
Let s = 18 - 10. Let q be (-8)/32 + 202/s. Let c = 50 - q. What is the tens digit of c?
2
Let n = -2 - -7. Let b = -2 + n. Suppose b*u = 5 + 25. What is the units digit of u?
0
Let r(h) = -h**2 - 8*h + 11. Let s be r(-10). Let y = s + 129. What is the hundreds digit of y?
1
Let q be (42/10)/(2/10). Let m = q + -18. Suppose 2*j + p + p = 62, -m*p - 37 = -2*j. What is the tens digit of j?
2
Suppose 0 = -n - 9*a + 4*a + 4, 5*n - 20 = -3*a. Suppose -n*s + 59 = -241. What is the tens digit of s?
7
Let d = -11 - -13. Let a(s) = -2*s - d*s - 6 - s + s. What is the tens digit of a(-6)?
1
Let d be -13*(-4 + 5 + 0). Let m(p) = p**3 + 13*p**2 - 4*p - 11. What is the tens digit of m(d)?
4
Let d(i) = 39*i**2 - 33*i + 24. What is the thousands digit of d(6)?
1
Let y = -5473 - -7668. What is the tens digit of y?
9
Let y be 5/3*(-7 - -4). Let w = y - -2. Let i(m) = -4*m - 4. What is the units digit of i(w)?
8
Suppose -10 = -2*p - 6. Let v(x) = -3*x**3 + 7*x**2 + 9*x - 3. Let a be v(6). What is the tens digit of p/8 + a/(-12)?
2
Let r be 4 - 5/(20/24). Let d be (-63 + (-4 - r))*-1. Let i = 3 + d. What is the units digit of i?
8
Let b = 7 + -4. Suppose 345 = 2*r + b*r. Let d = r - 35. What is the tens digit of d?
3
What is the tens digit of 1285 - (-18)/(3 - -6)?
8
Let g(d) = d**3 - 11*d**2 - 3*d + 9. Let p be g(12). Suppose 418 = 5*l - 3*c, -2*l + 3*c + 52 + p = 0. What is the tens digit of l?
8
Let z be 3/(-21) + (-142)/(-14). Let c = 2 + z. Suppose 2*q + 0*q = c. What is the units digit of q?
6
Let r(i) = -i**2 + 1 - 3*i + 1 + 13*i. Let p(g) = g**2 + 2*g + 5. Let n be p(-3). What is the units digit of r(n)?
8
Let n(q) = 39 + 2*q - 2*q - 2*q**2 + q - 17*q**3 + 18*q**3. Let i = -6 + 6. What is the units digit of n(i)?
9
Suppose -8*d + 4068 - 716 = 0. Let q = -287 + d. What is the units digit of q?
2
Let z = 20 - 20. Suppose -3*v - 4*u = -u - 501, 5*v + 3*u - 829 = z. What is the tens digit of v?
6
Let s = 1159 + 2835. What is the thousands digit of s?
3
Let h = 9 - 15. Let g = 4 + h. What is the units digit of (-48)/(-4 + (-5)/g)?
2
Let k be 2 + 848/10 - (-2)/10. Let f = -8 + k. What is the tens digit of f?
7
Let n(j) = 2*j**2 + 7*j + 49. What is the tens digit of n(-7)?
9
Let f(n) = 22*n**2 + 2. Let u be (-13)/5 + (-9)/(-15). What is the tens digit of f(u)?
9
What is the units digit of (-599466)/(-686) + 8/7?
5
Suppose -31*d + 53114 = -68933. What is the units digit of d?
7
Let n(j) = -j + 9. Let v be n(16). Let l = -46 + 109. Let c = l + v. What is the units digit of c?
6
Let s(z) = 4*z**3 - 7*z**2 + 30*z + 2. What is the tens digit of s(7)?
4
Suppose 2*q = -3*q - 295. Let r = q + 102. What is the tens digit of r?
4
Suppose 11*m = -39*m + 238500. What is the tens digit of m?
7
What is the units digit of -2 + 96327/42 + (-3)/6?
1
Let m(f) = f**2 - 13*f - 74. Let x be m(-4). Suppose k - z + 5*z - 27 = 0, -109 = -2*k + 3*z. Let y = k - x. What is the units digit of y?
3
Suppose -3*m + 11 = 2*p, -2*m + 3*m - 2*p - 1 = 0. Suppose 0 = -m*l - o + 680, 2*l = -0*l + 5*o + 442. What is the tens digit of l?
2
Let z(r) = -r + 1. Let d be z(-1). Suppose 5*x = -3*a + 38 - 9, -d*a = -5*x - 11. Suppose h - a - 20 = 0. What is the units digit of h?
8
Let x(d) = 399*d - 56. What is the thousands digit of x(6)?
2
Let a be ((-100)/(-3) + -5)/(1/3). What is the hundreds digit of (-30)/(-4)*1904/a?
1
Let s(z) = z**2 - 6*z - 3. Let r be s(7). Suppose 4*n = 3*n + 5*t + 48, r*n = 4*t + 224. What is the units digit of n?
8
Let l = 484 - 162. Suppose -19 + l = 3*g. What is the hundreds digit of g?
1
Let w = -752 - -1462. What is the tens digit of w?
1
Let z be (16/(-120) + 2/15)/(-1). What is the units digit of 46 + (2 - z/(-4))?
8
Suppose -5*b = -p + 9 + 168, p - 197 = b. What is the hundreds digit of p?
2
Suppose -2*i + 6 = 0, -5*i = -3*x - x + 57. Let z = -19 - x. Let o = z + 65. What is the units digit of o?
8
What is the thousands digit of (4 + (2792 - 0))*6/9?
1
Let c = 38 - 34. Suppose c*f - 20 = 3*f. What is the tens digit of f?
2
Suppose x + x + 3*r = 558, 3*x = -4*r + 835. Let u = x + -177. What is the units digit of u?
6
Let w be (-103)/(-7) - 2/(-7). Suppose -5*b = -0*b + w. What is the tens digit of 138/(-9)*b/2?
2
Suppose 0 = 3*l + 12, 2*l = 3*x + 3*l - 1847. What is the units digit of x?
7
Suppose -183 - 327 = -3*v. Suppose -18 = 3*n - 6, 3*l + n - v = 0. What is the units digit of l?
8
Let u = 8 - 9. Let k be (-4)/(-3 - u/1). Suppose 66 = 3*n - 5*c, k*n + 3*n - 73 = -4*c. What is the units digit of n?
7
Let j(q) = q**3 + 20*q**2 + 11*q - 1. Let y = -13 - 6. What is the hundreds digit of j(y)?
1
Let w(m) = -32*m - 33. Let j be w(7). Let z = -120 - j. What is the hundreds digit of z?
1
Suppose 0 = -3*g + 2*v + 73, -101 = -3*g - 4*v - v. Suppose -d + 118 - g = 0. What is the tens digit of d?
9
Let s(i) be the third derivative of 53*i**4/24 + i**3/6 + 8*i**2. What is the hundreds digit of s(3)?
1
Let y be (-55)/(-15) - 2/(-6). Suppose y*q + n + n - 38 = 0, 2*n = 2*q - 4. Let m = q - 4. What is t